pose 0 = -k - 37 + 107. Let f = k + -6. Let h = f - 13. List the prime factors of h.
3, 17
Let d = 18692 - 10552. List the prime factors of d.
2, 5, 11, 37
Suppose -5*h + 27 + 13 = 0. Let b be (h/(-10))/((-2)/5). What are the prime factors of -4*((-2)/(-20))/(b/(-215))?
43
Let v(h) = 19*h**2 + 96*h + 29. List the prime factors of v(10).
3, 107
Let v(p) = -191*p**3 + 23*p**2 + 25*p + 57. What are the prime factors of v(-5)?
2, 73, 167
Let x(w) = -w**3 + 9*w**2 - 4*w + 11. Let q be x(9). Let t = q + 31. Suppose -b - 2*a + 305 = -t*a, 4*b - 1130 = -2*a. List the prime factors of b.
3, 5, 19
Suppose -3*w - 2*u - 4 = 2*w, 2*u + 4 = -4*w. Suppose -3857 = -4*t + 2*d - 295, w = 4*t - 3*d - 3565. List the prime factors of t.
7, 127
Suppose -31550 = -10*m + 62970. List the prime factors of m.
2, 17, 139
Let l = 414 - 1299. List the prime factors of -2 + 3 - l/3.
2, 37
Suppose 4*r = -3*m - 7499 + 61217, 0 = 5*r - 4*m - 67132. List the prime factors of r.
2, 3, 373
Suppose -76*v + 180 = -80*v. Let d = 221 + -97. Let s = v + d. List the prime factors of s.
79
Suppose 204 = -6*q + 3*q. Let s = q + 344. List the prime factors of s.
2, 3, 23
Suppose -5*m = a - 5014, -17*a - 3*m - 19941 = -21*a. What are the prime factors of a?
3, 1663
Suppose 17127 = -80*r + 91*r. Let h = -665 + r. List the prime factors of h.
2, 223
Suppose -52*m - 325805 = -56*m + 3*t, 4*m - 325777 = -t. What are the prime factors of m?
2, 193, 211
Suppose 0 = 31*j - 29*j - 1152. Suppose w + 3*q = 4*w - j, 0 = 2*w - 3*q - 380. What are the prime factors of (-3)/2*w/(-3) - -4?
2, 3, 17
List the prime factors of (6162/(-3))/((-32)/(-6) + -6).
3, 13, 79
List the prime factors of 4700 - (4 - (-3 - -8)).
3, 1567
Let b(n) = 500*n**2 - 82*n + 455. What are the prime factors of b(6)?
11, 23, 71
Let f(u) = u**3 + 16*u**2 + 14*u - 6. Let j be f(-15). List the prime factors of (-141)/(-3) + j/3.
2, 5
Let s(u) = u**3 + 7*u**2 + 6*u. Let b be s(-6). Let t(p) = -3 - p**3 + 5*p**2 - 4*p + b*p**3 + 3*p**2 + 3*p**2. List the prime factors of t(10).
3, 19
Suppose -284 = -h - 51. Suppose 3*o - 794 = 4*g, 4*g - h - 53 = -o. List the prime factors of o.
2, 3, 5
Let o be (-629)/(-102) - (-1)/(-6). Suppose 48*s - 45*s - 9 = 0. List the prime factors of (s - -480)*2/o.
7, 23
Let q = -42 + 16. Let f = 458 + q. List the prime factors of f.
2, 3
Let d be (-4)/5*(-50)/10. Suppose -5*z = d*r - 5843, 3*r + 41*z = 36*z + 4381. List the prime factors of r.
2, 17, 43
What are the prime factors of (-36637999)/(-978) + 2/(-1) + 68/24?
37463
Let h(m) = 5*m + 8 - 13*m**3 - 8*m**3 + 3*m**3. List the prime factors of h(-2).
2, 71
Let p(j) = 21*j**2 + 2*j + 1. Let m be p(-1). Suppose -26*v = -m*v - 1074. What are the prime factors of v?
179
Suppose -5*t = 5*l - 5, 3*l + 13 = 5*t - 16. Suppose -526 = -t*b + 2. List the prime factors of b.
2, 3, 11
Let h(a) = -15*a**2 - 10*a - 2. Let j(k) = -14*k**2 - 10*k - 1. Let y(v) = 3*h(v) - 4*j(v). Let l be y(4). Let x = l - 84. List the prime factors of x.
2, 5, 13
Let l be ((-12)/8)/(9/(-2352)). Suppose -14*b + 225 = 3235. Let t = b + l. List the prime factors of t.
3, 59
Let q(o) = 5*o**2 + 5*o - 1. Let b be q(-9). Suppose 21 = 2*d - b. Let p = -94 + d. List the prime factors of p.
2, 3
Let u(x) = -580*x**3 - 24*x**2 - 6*x. What are the prime factors of u(-2)?
2, 17, 67
Let n = 30769 + -17491. What are the prime factors of n?
2, 3, 2213
Let q = -1887 - -2749. What are the prime factors of q?
2, 431
Suppose -2*l + 6*q = -8832, -4*q + 8852 = 2*l - 6*q. List the prime factors of l.
3, 7, 211
Suppose -5*l - 6547 + 20912 = 0. List the prime factors of l.
13, 17
Suppose -4*y + l = -2986, -18*l + 757 = y - 13*l. Let a = -355 + y. List the prime factors of a.
2, 7
Suppose 31*g = 238382 + 153892 - 70587. List the prime factors of g.
3, 1153
Let d(m) = m**2 - 2*m + 1. Let v(i) = 6*i**3 + 5*i**2 + 8. Let x(h) = 3*d(h) - v(h). Let y be -1 - 1 - (-3 + 3). List the prime factors of x(y).
47
Suppose 1185 = 17*l - 583. Let d = 112 - l. Suppose d*y = -y + 1683. List the prime factors of y.
11, 17
Suppose -6*y + 211*y = 3990559 + 185496. List the prime factors of y.
13, 1567
Suppose 7*u = 4*u - 2*a - 15, 5*a = 15. Let t be (-42)/(-12)*(-8)/u. Suppose -4*k + 760 = t*f, -2*f = 4*k - 12 - 368. List the prime factors of f.
2, 5, 19
What are the prime factors of 4 + -1 - (-11345)/1*(-3072)/(-480)?
7, 11, 23, 41
Let d(v) = 15*v. Let f(x) = 10*x - 94. Let a be f(0). Let k = a + 101. What are the prime factors of d(k)?
3, 5, 7
Let c be (-6)/10 + (-1)/5*8667. Let i = -653 - c. List the prime factors of i.
23, 47
Let l(m) = -2*m**2 - 179*m + 318. List the prime factors of l(-63).
3, 23, 53
Suppose 60 - 165 = -5*n. Let k = n - 22. List the prime factors of 1214/8 + (-6)/(-24) + k.
151
Let t(h) = 400*h + 284. Let v(k) = 80*k + 57. Let p(f) = -5*t(f) + 24*v(f). What are the prime factors of p(-8)?
2, 3, 7
Let y = 70 - 68. Suppose 28*v = 29*v + y. Let t(b) = 31*b**2 - 5*b - 5. List the prime factors of t(v).
3, 43
Suppose 12856*m - 26252 = 12852*m. What are the prime factors of m?
6563
Suppose -98008 = -4*x - 4*i, -3*i = -179 + 170. List the prime factors of x.
24499
Suppose 5*l + 369 = -4*z + 1462, 4*z + 454 = 2*l. Let m = -131 + l. List the prime factors of m.
2, 3, 5
Suppose 56860 = -73*n + 76*n + 5*u, 3*n - 56856 = -3*u. List the prime factors of n.
2, 5, 379
Let d be (-50)/(-15) - 4/(-6). Suppose 5*j + 3*l = 422, 5*l + 242 = 3*j + d*l. What are the prime factors of j?
2, 41
Suppose 90*w - 196*w + 83405 = -99*w. List the prime factors of w.
5, 2383
Suppose 3*i + 5*z - 190488 = 0, 0 = -556*i + 553*i + 2*z + 190467. What are the prime factors of i?
173, 367
Let p(b) = -b**3 - 14*b**2 + 2. Let h be p(-14). Suppose -h*z - 4*z + 342 = 0. Suppose z = v + 3. List the prime factors of v.
2, 3
Let i(g) = 219*g**2 + 7*g + 67. List the prime factors of i(13).
11, 31, 109
Suppose 12*p - 106 + 58 = 0. Suppose -p*q - 11*i = -12*i - 1222, -3*i = 5*q - 1519. List the prime factors of q.
5, 61
What are the prime factors of (-24889460)/(-4428) + (-2 - 168/(-81))?
7, 11, 73
Suppose 228*s - 242*s + 66192 = 0. List the prime factors of s.
2, 3, 197
Let c(y) = -4*y**3 + 19*y**2 + 104*y + 126. List the prime factors of c(-15).
3, 13, 419
Suppose 0*o = 4*o - 7*o. Let v(n) = -2*n + 699. Let d be v(o). Suppose -3*g - 66 = -d. What are the prime factors of g?
211
Let a = -83 + 220. Let i = a - 77. List the prime factors of i.
2, 3, 5
Suppose 4 = -4*p, -6*n - 2*p + 18 = -n. Suppose -24*l + 25*l = n. Suppose 222 = 4*c + 3*u - 391, -l*u + 294 = 2*c. What are the prime factors of c?
157
Suppose -4*l + g + 2166 = 0, 1078 = -12*l + 14*l - 3*g. Let m = -291 + l. What are the prime factors of m?
251
Suppose 4*l = -4, 13*h - 2*l = 18*h - 8738. List the prime factors of h.
2, 19, 23
Let u be 5/6*-3*6/(-15). What are the prime factors of (16 + -9)/((1/49)/u)?
7
Let s be (10 + -3 - 1) + 1416. Let l = s + -736. What are the prime factors of l?
2, 7
Suppose 4 = -3*p - 5*l + l, 24 = 2*p - 4*l. Suppose p*n - 360 = -4*x, 0 = 2*n - 5*x - 121 - 59. Suppose 4*r - 290 = n. List the prime factors of r.
5, 19
Suppose 326*r - 13*r + 92*r = 12066975. What are the prime factors of r?
5, 59, 101
Let y(m) = 7*m**2 + 18*m + 40. Suppose -54 = -345*l + 351*l. List the prime factors of y(l).
5, 89
Let i(u) = u**2 - 3*u - 4. Let o be i(-6). Let k(c) = -9*c - 120. Let l be k(-10). What are the prime factors of (l/o + 2/(-30))*-177?
2, 59
Let q(j) = 24*j - 66. Let x be q(7). Suppose 99*w - x*w = 6. List the prime factors of (6*-33 - 2)/w.
2, 5
Let j(v) = v**3 - 20*v**2 - 26*v - 41. Let k be j(18). Let q = k + 1627. What are the prime factors of q?
2, 5, 47
Suppose -2 = -41*s + 42*s. Let c(d) = 173*d**2 - d + 2. Let b be c(s). Suppose -4*f + b = -2*u, 3*f - 3*u = -f + 694. What are the prime factors of f?
5, 7
Let x be 6/(-4) + -2 + 164/8. Let g = x - 24. List the prime factors of 88*1 - (g - -7).
2, 11
What are the prime factors of (-36)/(-54)*((-4)/4 - 131362/(-4))?
21893
Let g(h) = -h**2 - 13*h + 9. Let y be g(-9). Suppose -79 + 219 = 4*a. Let x = y - a. What are the prime factors of x?
2, 5
Let w = 5192 - -966. List the prime factors of w.
2, 3079
Let c(s) = -s**2 - 7*s + 25. Let p be c(-11). Let r(n) = -n**2 - 21*n - 35. Let d be r(p). Suppose q + d*q - 80 = 0. List t